{"id":51,"date":"2025-05-14T16:57:54","date_gmt":"2025-05-14T16:57:54","guid":{"rendered":"https:\/\/sandras-heinzelmaennchen.de\/contact\/"},"modified":"2025-11-10T18:48:37","modified_gmt":"2025-11-10T18:48:37","slug":"kosten","status":"publish","type":"page","link":"https:\/\/sandras-heinzelmaennchen.de\/?page_id=51","title":{"rendered":"Kosten"},"content":{"rendered":"\t\t<div data-elementor-type=\"wp-page\" data-elementor-id=\"51\" class=\"elementor elementor-51\" data-elementor-post-type=\"page\">\n\t\t\t\t<div class=\"elementor-element elementor-element-f11e26b e-con-full e-flex e-con e-parent\" data-id=\"f11e26b\" data-element_type=\"container\" data-e-type=\"container\">\n\t\t\t\t<div class=\"elementor-element elementor-element-111bd01 elementor-widget elementor-widget-heading\" data-id=\"111bd01\" data-element_type=\"widget\" data-e-type=\"widget\" data-widget_type=\"heading.default\">\n\t\t\t\t<div class=\"elementor-widget-container\">\n\t\t\t\t\t<h3 class=\"elementor-heading-title elementor-size-default\">Abrechnung \u00fcber die Pflegekasse<\/h3>\t\t\t\t<\/div>\n\t\t\t\t<\/div>\n\t\t\t\t<div class=\"elementor-element elementor-element-69b9cc6 elementor-widget elementor-widget-text-editor\" data-id=\"69b9cc6\" data-element_type=\"widget\" data-e-type=\"widget\" data-widget_type=\"text-editor.default\">\n\t\t\t\t<div class=\"elementor-widget-container\">\n\t\t\t\t\t\t\t\t\t<p>Sandras Heinzelm\u00e4nnchen sind ein von der Pflegekasse anerkannter Betreuungsdienst. Dadurch k\u00f6nnen wir unsere Leistungen direkt mit der Pflegekasse abrechnen und bieten verschiedene Unterst\u00fctzungsm\u00f6glichkeiten an.<\/p><p>Betreuungs- und Entlastungsleistungen nach \u00a745 a+b SGB XI<\/p><p>Nach \u00a745 SGB XI k\u00f6nnen wir entsprechende Leistungen direkt mit den Pflegekassen abrechnen. Daf\u00fcr stehen jedem Pflegebed\u00fcrftigen (ab Pflegegrad 1), der zuhause gepflegt wird, 131 EUR monatlich durch die Pflegekasse zur Verf\u00fcgung.<\/p><p>40% der Pflegesachleistungen des jeweiligen Pflegegrades<\/p><p>Bis zu 40 Prozent des Pflegesachleistungsanspruchs k\u00f6nnen f\u00fcr Betreuungs- und Entlastungsleistungen eingesetzt werden.<\/p><p>Verhinderungspflege nach \u00a739 SGB XI<br \/>Ab Pflegegrad 2 kann der gemeinsame Jahresbetrag f\u00fcr Verhinderungspflege und Kurzzeitpflege von insgesamt bis zu 3.539\u20ac je Kalenderjahr in Anspruch genommen werden.<\/p>\t\t\t\t\t\t\t\t<\/div>\n\t\t\t\t<\/div>\n\t\t\t\t<\/div>\n\t\t<div class=\"elementor-element elementor-element-ec9da43 e-flex e-con-boxed e-con e-parent\" data-id=\"ec9da43\" data-element_type=\"container\" data-e-type=\"container\">\n\t\t\t\t\t<div class=\"e-con-inner\">\n\t\t\t\t<div class=\"elementor-element elementor-element-1b6a787 elementor-widget elementor-widget-spacer\" data-id=\"1b6a787\" data-element_type=\"widget\" data-e-type=\"widget\" data-widget_type=\"spacer.default\">\n\t\t\t\t<div class=\"elementor-widget-container\">\n\t\t\t\t\t\t\t<div class=\"elementor-spacer\">\n\t\t\t<div class=\"elementor-spacer-inner\"><\/div>\n\t\t<\/div>\n\t\t\t\t\t\t<\/div>\n\t\t\t\t<\/div>\n\t\t\t\t\t<\/div>\n\t\t\t\t<\/div>\n\t\t<div class=\"elementor-element elementor-element-3fd60e4 e-flex e-con-boxed e-con e-parent\" data-id=\"3fd60e4\" data-element_type=\"container\" data-e-type=\"container\">\n\t\t\t\t\t<div class=\"e-con-inner\">\n\t\t\t\t<div class=\"elementor-element elementor-element-ddb4ae7 elementor-widget elementor-widget-heading\" data-id=\"ddb4ae7\" data-element_type=\"widget\" data-e-type=\"widget\" data-widget_type=\"heading.default\">\n\t\t\t\t<div class=\"elementor-widget-container\">\n\t\t\t\t\t<h3 class=\"elementor-heading-title elementor-size-default\">Leistungen der Pflegekasse im \u00dcberblick<\/h3>\t\t\t\t<\/div>\n\t\t\t\t<\/div>\n\t\t\t\t\t<\/div>\n\t\t\t\t<\/div>\n\t\t<div class=\"elementor-element elementor-element-6955dcc e-flex e-con-boxed e-con e-parent\" data-id=\"6955dcc\" data-element_type=\"container\" data-e-type=\"container\">\n\t\t\t\t\t<div class=\"e-con-inner\">\n\t\t\t\t<div class=\"elementor-element elementor-element-d136ecb elementor-widget elementor-widget-text-editor\" data-id=\"d136ecb\" data-element_type=\"widget\" data-e-type=\"widget\" data-widget_type=\"text-editor.default\">\n\t\t\t\t<div class=\"elementor-widget-container\">\n\t\t\t\t\t\t\t\t\t<p>Das Pflegegeld ist eine finanzielle Leistung f\u00fcr Personen mit mindestens Pflegegrad 2, die zu Hause gepflegt werden, jedoch ihre Pflege nicht vollst\u00e4ndig selbst organisieren k\u00f6nnen.<\/p>\t\t\t\t\t\t\t\t<\/div>\n\t\t\t\t<\/div>\n\t\t\t\t\t<\/div>\n\t\t\t\t<\/div>\n\t\t<div class=\"elementor-element elementor-element-1aa469b e-flex e-con-boxed e-con e-parent\" data-id=\"1aa469b\" data-element_type=\"container\" data-e-type=\"container\">\n\t\t\t\t\t<div class=\"e-con-inner\">\n\t\t\t\t<div class=\"elementor-element elementor-element-5f715ee elementor-widget elementor-widget-text-editor\" data-id=\"5f715ee\" data-element_type=\"widget\" data-e-type=\"widget\" data-widget_type=\"text-editor.default\">\n\t\t\t\t<div class=\"elementor-widget-container\">\n\t\t\t\t\t\t\t\t\t<table><tbody><tr><td width=\"302\">Pflegegrad<\/td><td width=\"302\">Leistungen<\/td><\/tr><tr><td width=\"302\">2<\/td><td width=\"302\">347\u20ac<\/td><\/tr><tr><td width=\"302\">3<\/td><td width=\"302\">599\u20ac<\/td><\/tr><tr><td width=\"302\">4<\/td><td width=\"302\">800\u20ac<\/td><\/tr><tr><td width=\"302\">5<\/td><td width=\"302\">990\u20ac<\/td><\/tr><\/tbody><\/table>\t\t\t\t\t\t\t\t<\/div>\n\t\t\t\t<\/div>\n\t\t\t\t\t<\/div>\n\t\t\t\t<\/div>\n\t\t<div class=\"elementor-element elementor-element-f70cc8f e-flex e-con-boxed e-con e-parent\" data-id=\"f70cc8f\" data-element_type=\"container\" data-e-type=\"container\">\n\t\t\t\t\t<div class=\"e-con-inner\">\n\t\t\t\t<div class=\"elementor-element elementor-element-50d5b24 elementor-widget elementor-widget-spacer\" data-id=\"50d5b24\" data-element_type=\"widget\" data-e-type=\"widget\" data-widget_type=\"spacer.default\">\n\t\t\t\t<div class=\"elementor-widget-container\">\n\t\t\t\t\t\t\t<div class=\"elementor-spacer\">\n\t\t\t<div class=\"elementor-spacer-inner\"><\/div>\n\t\t<\/div>\n\t\t\t\t\t\t<\/div>\n\t\t\t\t<\/div>\n\t\t\t\t\t<\/div>\n\t\t\t\t<\/div>\n\t\t<div class=\"elementor-element elementor-element-0d70944 e-flex e-con-boxed e-con e-parent\" data-id=\"0d70944\" data-element_type=\"container\" data-e-type=\"container\">\n\t\t\t\t\t<div class=\"e-con-inner\">\n\t\t\t\t<div class=\"elementor-element elementor-element-4c4c70c elementor-widget elementor-widget-text-editor\" data-id=\"4c4c70c\" data-element_type=\"widget\" data-e-type=\"widget\" data-widget_type=\"text-editor.default\">\n\t\t\t\t<div class=\"elementor-widget-container\">\n\t\t\t\t\t\t\t\t\t<p>Im Folgenden werden die verschiedenen Leistungen genauer beschrieben:<\/p><p><strong>Entlastungsleistungen (\u00a745 b SGB XI):<\/strong><br \/>Jede Person mit Pflegegrad 1 oder h\u00f6her hat Anspruch auf Entlastungsleistungen. Diese betragen monatlich 131\u20ac. Nicht genutzte Betr\u00e4ge k\u00f6nnen in den folgenden Monaten angespart werden. Dar\u00fcber hinaus k\u00f6nnen ungenutzte Betr\u00e4ge eines Jahres bis zum Ende des ersten Halbjahres des Folgejahres \u00fcbertragen werden.<\/p><p><strong>Verhinderungspflege (\u00a739 SGB XI):<\/strong><br \/>Wenn die Pflegeperson aufgrund von Krankheit oder Urlaub verhindert ist, \u00fcbernimmt die Pflegeversicherung die Kosten f\u00fcr eine Ersatzpflege, sofern die pflegebed\u00fcrftige Person seit mindestens sechs Monaten in Pflegegrad 2 oder h\u00f6her eingestuft ist. Diese Leistung kann bis zu sechs Wochen pro Kalenderjahr in Anspruch genommen werden, mit einem j\u00e4hrlichen H\u00f6chstbetrag von 1.612\u20ac. Zus\u00e4tzlich besteht die M\u00f6glichkeit, bis zu 50% der Kurzzeitpflegeleistung (806\u20ac) auf die Verhinderungspflege zu \u00fcbertragen, sodass sich das j\u00e4hrliche Budget auf maximal 3.539\u20ac erh\u00f6ht. Das Pflegegeld wird w\u00e4hrenddessen weiterhin gezahlt.<\/p>\t\t\t\t\t\t\t\t<\/div>\n\t\t\t\t<\/div>\n\t\t\t\t\t<\/div>\n\t\t\t\t<\/div>\n\t\t<div class=\"elementor-element elementor-element-a85ec64 e-flex e-con-boxed e-con e-parent\" data-id=\"a85ec64\" data-element_type=\"container\" data-e-type=\"container\">\n\t\t\t\t\t<div class=\"e-con-inner\">\n\t\t\t\t<div class=\"elementor-element elementor-element-5eb626e elementor-widget elementor-widget-text-editor\" data-id=\"5eb626e\" data-element_type=\"widget\" data-e-type=\"widget\" data-widget_type=\"text-editor.default\">\n\t\t\t\t<div class=\"elementor-widget-container\">\n\t\t\t\t\t\t\t\t\t<p><strong>Pflegesachleistungen (\u00a745 a SGB XI):<\/strong><\/p><table><tbody><tr><td width=\"302\">Pflegegrad<\/td><td width=\"302\">Leistungen<\/td><\/tr><tr><td width=\"302\">1<\/td><td width=\"302\">Pro Monat bis zu 131 Euro einsetzbarer Entlastungsbetrag<\/td><\/tr><tr><td width=\"302\">2<\/td><td width=\"302\">318,40\u20ac<\/td><\/tr><tr><td width=\"302\">3<\/td><td width=\"302\">598,80\u20ac<\/td><\/tr><tr><td width=\"302\">4<\/td><td width=\"302\">743,60\u20ac<\/td><\/tr><tr><td width=\"302\">5<\/td><td width=\"302\">919,60\u20ac<\/td><\/tr><\/tbody><\/table>\t\t\t\t\t\t\t\t<\/div>\n\t\t\t\t<\/div>\n\t\t\t\t\t<\/div>\n\t\t\t\t<\/div>\n\t\t<div class=\"elementor-element elementor-element-f932bda e-flex e-con-boxed e-con e-parent\" data-id=\"f932bda\" data-element_type=\"container\" data-e-type=\"container\">\n\t\t\t\t\t<div class=\"e-con-inner\">\n\t\t\t\t<div class=\"elementor-element elementor-element-57acb37 elementor-widget elementor-widget-text-editor\" data-id=\"57acb37\" data-element_type=\"widget\" data-e-type=\"widget\" data-widget_type=\"text-editor.default\">\n\t\t\t\t<div class=\"elementor-widget-container\">\n\t\t\t\t\t\t\t\t\t<p>Die monatliche Entlastungsleistung von 131\u20ac wird ab Pflegegrad 1 zus\u00e4tzlich jeden Monat gew\u00e4hrt.<\/p><p>\u00a0<\/p><p><strong>Selbstzahler<\/strong><br \/>Au\u00dferdem bieten wir Ihnen die M\u00f6glichkeit, die Betreuungskosten selbst zu \u00fcbernehmen.<\/p>\t\t\t\t\t\t\t\t<\/div>\n\t\t\t\t<\/div>\n\t\t\t\t\t<\/div>\n\t\t\t\t<\/div>\n\t\t<div class=\"elementor-element elementor-element-ff7b571 e-flex e-con-boxed e-con e-parent\" data-id=\"ff7b571\" data-element_type=\"container\" data-e-type=\"container\">\n\t\t\t\t\t<div class=\"e-con-inner\">\n\t\t\t\t<div class=\"elementor-element elementor-element-f63f758 elementor-widget elementor-widget-spacer\" data-id=\"f63f758\" data-element_type=\"widget\" data-e-type=\"widget\" data-widget_type=\"spacer.default\">\n\t\t\t\t<div class=\"elementor-widget-container\">\n\t\t\t\t\t\t\t<div class=\"elementor-spacer\">\n\t\t\t<div class=\"elementor-spacer-inner\"><\/div>\n\t\t<\/div>\n\t\t\t\t\t\t<\/div>\n\t\t\t\t<\/div>\n\t\t\t\t\t<\/div>\n\t\t\t\t<\/div>\n\t\t\t\t<\/div>\n\t\t","protected":false},"excerpt":{"rendered":"<p>Abrechnung \u00fcber die Pflegekasse Sandras Heinzelm\u00e4nnchen sind ein von der Pflegekasse anerkannter Betreuungsdienst. Dadurch k\u00f6nnen wir unsere Leistungen direkt mit der Pflegekasse abrechnen und bieten verschiedene Unterst\u00fctzungsm\u00f6glichkeiten an. Betreuungs- und Entlastungsleistungen nach \u00a745 a+b SGB XI Nach \u00a745 SGB XI k\u00f6nnen wir entsprechende Leistungen direkt mit den Pflegekassen abrechnen. Daf\u00fcr stehen jedem Pflegebed\u00fcrftigen (ab Pflegegrad [&hellip;]<\/p>\n","protected":false},"author":1,"featured_media":0,"parent":0,"menu_order":0,"comment_status":"closed","ping_status":"closed","template":"elementor_header_footer","meta":{"footnotes":""},"class_list":["post-51","page","type-page","status-publish","hentry"],"_links":{"self":[{"href":"https:\/\/sandras-heinzelmaennchen.de\/index.php?rest_route=\/wp\/v2\/pages\/51","targetHints":{"allow":["GET"]}}],"collection":[{"href":"https:\/\/sandras-heinzelmaennchen.de\/index.php?rest_route=\/wp\/v2\/pages"}],"about":[{"href":"https:\/\/sandras-heinzelmaennchen.de\/index.php?rest_route=\/wp\/v2\/types\/page"}],"author":[{"embeddable":true,"href":"https:\/\/sandras-heinzelmaennchen.de\/index.php?rest_route=\/wp\/v2\/users\/1"}],"replies":[{"embeddable":true,"href":"https:\/\/sandras-heinzelmaennchen.de\/index.php?rest_route=%2Fwp%2Fv2%2Fcomments&post=51"}],"version-history":[{"count":6,"href":"https:\/\/sandras-heinzelmaennchen.de\/index.php?rest_route=\/wp\/v2\/pages\/51\/revisions"}],"predecessor-version":[{"id":1055,"href":"https:\/\/sandras-heinzelmaennchen.de\/index.php?rest_route=\/wp\/v2\/pages\/51\/revisions\/1055"}],"wp:attachment":[{"href":"https:\/\/sandras-heinzelmaennchen.de\/index.php?rest_route=%2Fwp%2Fv2%2Fmedia&parent=51"}],"curies":[{"name":"wp","href":"https:\/\/api.w.org\/{rel}","templated":true}]}}

<div data-elementor-type="wp-page" data-elementor-id="51" class="elementor elementor-51" data-elementor-post-type="page">
				<div class="elementor-element elementor-element-f11e26b e-con-full e-flex e-con e-parent" data-id="f11e26b" data-element_type="container" data-e-type="container">
				<div class="elementor-element elementor-element-111bd01 elementor-widget elementor-widget-heading" data-id="111bd01" data-element_type="widget" data-e-type="widget" data-widget_type="heading.default">
				<div class="elementor-widget-container">
					<h3 class="elementor-heading-title elementor-size-default">Abrechnung über die Pflegekasse</h3>				</div>
				</div>
				<div class="elementor-element elementor-element-69b9cc6 elementor-widget elementor-widget-text-editor" data-id="69b9cc6" data-element_type="widget" data-e-type="widget" data-widget_type="text-editor.default">
				<div class="elementor-widget-container">
									<p>Sandras Heinzelmännchen sind ein von der Pflegekasse anerkannter Betreuungsdienst. Dadurch können wir unsere Leistungen direkt mit der Pflegekasse abrechnen und bieten verschiedene Unterstützungsmöglichkeiten an.</p><p>Betreuungs- und Entlastungsleistungen nach §45 a+b SGB XI</p><p>Nach §45 SGB XI können wir entsprechende Leistungen direkt mit den Pflegekassen abrechnen. Dafür stehen jedem Pflegebedürftigen (ab Pflegegrad 1), der zuhause gepflegt wird, 131 EUR monatlich durch die Pflegekasse zur Verfügung.</p><p>40% der Pflegesachleistungen des jeweiligen Pflegegrades</p><p>Bis zu 40 Prozent des Pflegesachleistungsanspruchs können für Betreuungs- und Entlastungsleistungen eingesetzt werden.</p><p>Verhinderungspflege nach §39 SGB XI<br />Ab Pflegegrad 2 kann der gemeinsame Jahresbetrag für Verhinderungspflege und Kurzzeitpflege von insgesamt bis zu 3.539€ je Kalenderjahr in Anspruch genommen werden.</p>								</div>
				</div>
				</div>
		<div class="elementor-element elementor-element-ec9da43 e-flex e-con-boxed e-con e-parent" data-id="ec9da43" data-element_type="container" data-e-type="container">
					<div class="e-con-inner">
				<div class="elementor-element elementor-element-1b6a787 elementor-widget elementor-widget-spacer" data-id="1b6a787" data-element_type="widget" data-e-type="widget" data-widget_type="spacer.default">
				<div class="elementor-widget-container">
							<div class="elementor-spacer">
			<div class="elementor-spacer-inner"></div>
		</div>
						</div>
				</div>
					</div>
				</div>
		<div class="elementor-element elementor-element-3fd60e4 e-flex e-con-boxed e-con e-parent" data-id="3fd60e4" data-element_type="container" data-e-type="container">
					<div class="e-con-inner">
				<div class="elementor-element elementor-element-ddb4ae7 elementor-widget elementor-widget-heading" data-id="ddb4ae7" data-element_type="widget" data-e-type="widget" data-widget_type="heading.default">
				<div class="elementor-widget-container">
					<h3 class="elementor-heading-title elementor-size-default">Leistungen der Pflegekasse im Überblick</h3>				</div>
				</div>
					</div>
				</div>
		<div class="elementor-element elementor-element-6955dcc e-flex e-con-boxed e-con e-parent" data-id="6955dcc" data-element_type="container" data-e-type="container">
					<div class="e-con-inner">
				<div class="elementor-element elementor-element-d136ecb elementor-widget elementor-widget-text-editor" data-id="d136ecb" data-element_type="widget" data-e-type="widget" data-widget_type="text-editor.default">
				<div class="elementor-widget-container">
									<p>Das Pflegegeld ist eine finanzielle Leistung für Personen mit mindestens Pflegegrad 2, die zu Hause gepflegt werden, jedoch ihre Pflege nicht vollständig selbst organisieren können.</p>								</div>
				</div>
					</div>
				</div>
		<div class="elementor-element elementor-element-1aa469b e-flex e-con-boxed e-con e-parent" data-id="1aa469b" data-element_type="container" data-e-type="container">
					<div class="e-con-inner">
				<div class="elementor-element elementor-element-5f715ee elementor-widget elementor-widget-text-editor" data-id="5f715ee" data-element_type="widget" data-e-type="widget" data-widget_type="text-editor.default">
				<div class="elementor-widget-container">
									<table><tbody><tr><td width="302">Pflegegrad</td><td width="302">Leistungen</td></tr><tr><td width="302">2</td><td width="302">347€</td></tr><tr><td width="302">3</td><td width="302">599€</td></tr><tr><td width="302">4</td><td width="302">800€</td></tr><tr><td width="302">5</td><td width="302">990€</td></tr></tbody></table>								</div>
				</div>
					</div>
				</div>
		<div class="elementor-element elementor-element-f70cc8f e-flex e-con-boxed e-con e-parent" data-id="f70cc8f" data-element_type="container" data-e-type="container">
					<div class="e-con-inner">
				<div class="elementor-element elementor-element-50d5b24 elementor-widget elementor-widget-spacer" data-id="50d5b24" data-element_type="widget" data-e-type="widget" data-widget_type="spacer.default">
				<div class="elementor-widget-container">
							<div class="elementor-spacer">
			<div class="elementor-spacer-inner"></div>
		</div>
						</div>
				</div>
					</div>
				</div>
		<div class="elementor-element elementor-element-0d70944 e-flex e-con-boxed e-con e-parent" data-id="0d70944" data-element_type="container" data-e-type="container">
					<div class="e-con-inner">
				<div class="elementor-element elementor-element-4c4c70c elementor-widget elementor-widget-text-editor" data-id="4c4c70c" data-element_type="widget" data-e-type="widget" data-widget_type="text-editor.default">
				<div class="elementor-widget-container">
									<p>Im Folgenden werden die verschiedenen Leistungen genauer beschrieben:</p><p><strong>Entlastungsleistungen (§45 b SGB XI):</strong><br />Jede Person mit Pflegegrad 1 oder höher hat Anspruch auf Entlastungsleistungen. Diese betragen monatlich 131€. Nicht genutzte Beträge können in den folgenden Monaten angespart werden. Darüber hinaus können ungenutzte Beträge eines Jahres bis zum Ende des ersten Halbjahres des Folgejahres übertragen werden.</p><p><strong>Verhinderungspflege (§39 SGB XI):</strong><br />Wenn die Pflegeperson aufgrund von Krankheit oder Urlaub verhindert ist, übernimmt die Pflegeversicherung die Kosten für eine Ersatzpflege, sofern die pflegebedürftige Person seit mindestens sechs Monaten in Pflegegrad 2 oder höher eingestuft ist. Diese Leistung kann bis zu sechs Wochen pro Kalenderjahr in Anspruch genommen werden, mit einem jährlichen Höchstbetrag von 1.612€. Zusätzlich besteht die Möglichkeit, bis zu 50% der Kurzzeitpflegeleistung (806€) auf die Verhinderungspflege zu übertragen, sodass sich das jährliche Budget auf maximal 3.539€ erhöht. Das Pflegegeld wird währenddessen weiterhin gezahlt.</p>								</div>
				</div>
					</div>
				</div>
		<div class="elementor-element elementor-element-a85ec64 e-flex e-con-boxed e-con e-parent" data-id="a85ec64" data-element_type="container" data-e-type="container">
					<div class="e-con-inner">
				<div class="elementor-element elementor-element-5eb626e elementor-widget elementor-widget-text-editor" data-id="5eb626e" data-element_type="widget" data-e-type="widget" data-widget_type="text-editor.default">
				<div class="elementor-widget-container">
									<p><strong>Pflegesachleistungen (§45 a SGB XI):</strong></p><table><tbody><tr><td width="302">Pflegegrad</td><td width="302">Leistungen</td></tr><tr><td width="302">1</td><td width="302">Pro Monat bis zu 131 Euro einsetzbarer Entlastungsbetrag</td></tr><tr><td width="302">2</td><td width="302">318,40€</td></tr><tr><td width="302">3</td><td width="302">598,80€</td></tr><tr><td width="302">4</td><td width="302">743,60€</td></tr><tr><td width="302">5</td><td width="302">919,60€</td></tr></tbody></table>								</div>
				</div>
					</div>
				</div>
		<div class="elementor-element elementor-element-f932bda e-flex e-con-boxed e-con e-parent" data-id="f932bda" data-element_type="container" data-e-type="container">
					<div class="e-con-inner">
				<div class="elementor-element elementor-element-57acb37 elementor-widget elementor-widget-text-editor" data-id="57acb37" data-element_type="widget" data-e-type="widget" data-widget_type="text-editor.default">
				<div class="elementor-widget-container">
									<p>Die monatliche Entlastungsleistung von 131€ wird ab Pflegegrad 1 zusätzlich jeden Monat gewährt.</p><p> </p><p><strong>Selbstzahler</strong><br />Außerdem bieten wir Ihnen die Möglichkeit, die Betreuungskosten selbst zu übernehmen.</p>								</div>
				</div>
					</div>
				</div>
		<div class="elementor-element elementor-element-ff7b571 e-flex e-con-boxed e-con e-parent" data-id="ff7b571" data-element_type="container" data-e-type="container">
					<div class="e-con-inner">
				<div class="elementor-element elementor-element-f63f758 elementor-widget elementor-widget-spacer" data-id="f63f758" data-element_type="widget" data-e-type="widget" data-widget_type="spacer.default">
				<div class="elementor-widget-container">
							<div class="elementor-spacer">
			<div class="elementor-spacer-inner"></div>
		</div>
						</div>
				</div>
					</div>
				</div>
				</div>

<p>Abrechnung über die Pflegekasse Sandras Heinzelmännchen sind ein von der Pflegekasse anerkannter Betreuungsdienst. Dadurch können wir unsere Leistungen direkt mit der Pflegekasse abrechnen und bieten verschiedene Unterstützungsmöglichkeiten an. Betreuungs- und Entlastungsleistungen nach §45 a+b SGB XI Nach §45 SGB XI können wir entsprechende Leistungen direkt mit den Pflegekassen abrechnen. Dafür stehen jedem Pflegebedürftigen (ab Pflegegrad [&hellip;]</p>
